{"id":852,"date":"2012-09-01T18:30:34","date_gmt":"2012-09-01T18:30:34","guid":{"rendered":"http:\/\/www.mujerpalabra.net\/blog\/?page_id=852"},"modified":"2015-07-31T17:10:43","modified_gmt":"2015-07-31T15:10:43","slug":"glosario-para-mp","status":"publish","type":"page","link":"https:\/\/www.mujerpalabra.net\/blog\/?page_id=852","title":{"rendered":"Glosario para MP"},"content":{"rendered":"<p>Por motivos feministas, creo que deber\u00eda reunir las palabras o usos de palabras que he ido necesitando para explicarme la sociedad y lo interior desde la inteligencia feminista.<\/p>\n<p><a href=\"http:\/\/www.mujerpalabra.net\/blog\/wp-content\/uploads\/2012\/09\/mp8marzo.jpg\"><img loading=\"lazy\" decoding=\"async\" class=\"alignright  wp-image-857\" title=\"MP 8 marzo\" src=\"http:\/\/www.mujerpalabra.net\/blog\/wp-content\/uploads\/2012\/09\/mp8marzo.jpg\" alt=\"\" width=\"293\" height=\"170\" srcset=\"https:\/\/www.mujerpalabra.net\/blog\/wp-content\/uploads\/2012\/09\/mp8marzo.jpg 510w, https:\/\/www.mujerpalabra.net\/blog\/wp-content\/uploads\/2012\/09\/mp8marzo-300x173.jpg 300w\" sizes=\"auto, (max-width: 293px) 100vw, 293px\" \/><\/a>En la primera mitad del 2012, publiqu\u00e9 algunas en una nueva secci\u00f3n de Mujer Palabra, el <a href=\"http:\/\/www.mujerpalabra.net\/pensamiento\/lenguaje\/glosariomujerpalabra.htm\">Glosario<\/a> (en la secci\u00f3n <strong>Pensamiento <\/strong>&#8211; Lenguaje)<\/p>\n<p><a href=\"http:\/\/www.mujerpalabra.net\/blog\/wp-content\/uploads\/2012\/09\/soyfeminista.jpg\"><img loading=\"lazy\" decoding=\"async\" class=\" wp-image-860 alignleft\" title=\"MP Soy feminista\" src=\"http:\/\/www.mujerpalabra.net\/blog\/wp-content\/uploads\/2012\/09\/soyfeminista.jpg\" alt=\"\" width=\"200\" height=\"258\" srcset=\"https:\/\/www.mujerpalabra.net\/blog\/wp-content\/uploads\/2012\/09\/soyfeminista.jpg 312w, https:\/\/www.mujerpalabra.net\/blog\/wp-content\/uploads\/2012\/09\/soyfeminista-232x300.jpg 232w\" sizes=\"auto, (max-width: 200px) 100vw, 200px\" \/><\/a><\/p>\n<p>&nbsp;<\/p>\n<p><a title=\"Furiosidad feminista, crueldad patriarcal\" href=\"http:\/\/www.mujerpalabra.net\/blog\/?p=1979\">\u00a0Furiosidad feminista<\/a> (vs crueldad patriarcal)<\/p>\n<p><a href=\"http:\/\/www.mujerpalabra.net\/blog\/?p=1916\">Guerra ideol\u00f3gica patriarcal<\/a> vs lucha noviolenta de las mujeres<br \/>\nInteligencia feminista<br \/>\nRacionalidad emp\u00e1tica<br \/>\nAcci\u00f3n Directa Noviolenta Lenguaje<br \/>\nAccion Directa Noviolenta con el Cuerpo (las mujeres)<br \/>\nCrueldad patriarcal<br \/>\nideolog\u00eda prevalente<br \/>\nPensar es actuar<br \/>\nPalabras = Acci\u00f3n<br \/>\nPor la vulnerabilidad a la liberaci\u00f3n<br \/>\nPor la comunicaci\u00f3n a la revoluci\u00f3n<br \/>\nSi el lenguaje no importa, no es nuestra revoluci\u00f3n<\/p>\n<p>Anonymous: An\u00f3nimas, como siempre &#8211; esta reflexi\u00f3n nos ll<a href=\"http:\/\/www.mujerpalabra.net\/blog\/wp-content\/uploads\/2012\/09\/mptazasi.gif\"><img loading=\"lazy\" decoding=\"async\" class=\"alignright  wp-image-855\" title=\"MP Taza Si...\" src=\"http:\/\/www.mujerpalabra.net\/blog\/wp-content\/uploads\/2012\/09\/mptazasi.gif\" alt=\"\" width=\"279\" height=\"229\" srcset=\"https:\/\/www.mujerpalabra.net\/blog\/wp-content\/uploads\/2012\/09\/mptazasi.gif 436w, https:\/\/www.mujerpalabra.net\/blog\/wp-content\/uploads\/2012\/09\/mptazasi-300x245.gif 300w\" sizes=\"auto, (max-width: 279px) 100vw, 279px\" \/><\/a>ev\u00f3 a crear esta p\u00e1gina en <strong>Activismo<\/strong> &#8211; Herramienta Palabra &#8211; <a href=\"http:\/\/www.mujerpalabra.net\/activismo\/herramientapalabra\/graficosmejoradosporvisionfeminista\/anonymousanonima.htm\">ADNV Gr\u00e1ficos<\/a><\/p>\n","protected":false},"excerpt":{"rendered":"<p>Por motivos feministas, creo que deber\u00eda reunir las palabras o usos de palabras que he ido necesitando para explicarme la sociedad y lo interior desde la inteligencia feminista. En la primera mitad del 2012, publiqu\u00e9 algunas en una nueva secci\u00f3n de Mujer Palabra, el Glosario (en la secci\u00f3n Pensamiento &#8211; Lenguaje) &nbsp; \u00a0Furiosidad feminista (vs [&hellip;]<\/p>\n","protected":false},"author":1,"featured_media":0,"parent":0,"menu_order":0,"comment_status":"open","ping_status":"open","template":"","meta":{"footnotes":""},"class_list":["post-852","page","type-page","status-publish","hentry"],"_links":{"self":[{"href":"https:\/\/www.mujerpalabra.net\/blog\/index.php?rest_route=\/wp\/v2\/pages\/852","targetHints":{"allow":["GET"]}}],"collection":[{"href":"https:\/\/www.mujerpalabra.net\/blog\/index.php?rest_route=\/wp\/v2\/pages"}],"about":[{"href":"https:\/\/www.mujerpalabra.net\/blog\/index.php?rest_route=\/wp\/v2\/types\/page"}],"author":[{"embeddable":true,"href":"https:\/\/www.mujerpalabra.net\/blog\/index.php?rest_route=\/wp\/v2\/users\/1"}],"replies":[{"embeddable":true,"href":"https:\/\/www.mujerpalabra.net\/blog\/index.php?rest_route=%2Fwp%2Fv2%2Fcomments&post=852"}],"version-history":[{"count":17,"href":"https:\/\/www.mujerpalabra.net\/blog\/index.php?rest_route=\/wp\/v2\/pages\/852\/revisions"}],"predecessor-version":[{"id":3666,"href":"https:\/\/www.mujerpalabra.net\/blog\/index.php?rest_route=\/wp\/v2\/pages\/852\/revisions\/3666"}],"wp:attachment":[{"href":"https:\/\/www.mujerpalabra.net\/blog\/index.php?rest_route=%2Fwp%2Fv2%2Fmedia&parent=852"}],"curies":[{"name":"wp","href":"https:\/\/api.w.org\/{rel}","templated":true}]}}