{"id":517,"date":"2012-02-23T17:20:58","date_gmt":"2012-02-23T17:20:58","guid":{"rendered":"http:\/\/www.mujerpalabra.net\/blog\/?page_id=517"},"modified":"2025-04-11T19:05:49","modified_gmt":"2025-04-11T17:05:49","slug":"reflexiones","status":"publish","type":"page","link":"https:\/\/www.mujerpalabra.net\/blog\/?page_id=517","title":{"rendered":"* Algunas Reflexiones (2025)"},"content":{"rendered":"<ul>\n<li><a href=\"https:\/\/mujerpalabra.net\/pensamiento\/lenguaje\/lostextosoralesescritos.html\">Kiza deberia explicar&#8230; Sobre textos orales-escritos <\/a>(ling\u00fc\u00edstica, v\u00ednculo externo)<\/li>\n<li><a href=\"https:\/\/www.mujerpalabra.net\/blog\/?p=6273\">Soy vieja (no significa lo que entienden)<\/a><\/li>\n<li><a href=\"https:\/\/www.mujerpalabra.net\/blog\/?p=6267\">De qu\u00e9 sirve ser biling\u00fce<\/a><\/li>\n<li><a href=\"https:\/\/www.mujerpalabra.net\/creadoras\/michelle\/pages\/traducciones_reflexiones\/sielinfiernoexistieramimadremelohabriadicho.html\">Si el infierno existiera, mi madre me lo habr\u00eda dicho<\/a> (sobre citar a las mujeres)<\/li>\n<li><a href=\"https:\/\/www.mujerpalabra.net\/blog\/?p=6182\">Sobre la supresi\u00f3n de Queer<\/a><\/li>\n<li><a href=\"https:\/\/www.mujerpalabra.net\/pensamiento\/lenguaje\/lenguajeidentidadyddreproductivos.html\">Lenguaje, identidad y derechos reproductivos<\/a> 2024<\/li>\n<li><a href=\"https:\/\/www.mujerpalabra.net\/pensamiento\/lenguaje\/linguisticayfeminismo\/adnvlenguaje_resignificacion.html\">ADNV Lenguaje: sobre la resignificaci\u00f3n de insultos<\/a> (por lo de Zorra)<\/li>\n<li>Para m\u00e1s reflexiones sobre el lenguaje, ir a <a href=\"https:\/\/www.mujerpalabra.net\/pensamiento\/sobrelenguaje.html\">Pensamiento &#8211; Lenguaje<\/a> en mujerpalabra.net<\/li>\n<li><a href=\"https:\/\/www.mujerpalabra.net\/pensamiento\/lenguaje\/renye_bioreflexiones_lenguas.html\">Odiar las lenguas, la violencia olvidada<\/a> (biorreflexi\u00f3n) 2023<\/li>\n<li><a href=\"http:\/\/www.mujerpalabra.net\/pensamiento\/contramisoginia\/25novcontraviolenciagenero.htm\">25 de noviembre: contra la violencia de genero<\/a> (noviembre 2014)<\/li>\n<li><a href=\"http:\/\/www.wri-irg.org\/es\/node\/23052\">Inteligencia feminista frente a Due\u00f1os de la oscuridad<\/a> (abril 2014)<\/li>\n<li>Para reflexiones m\u00e1s antiguas, <a href=\"http:\/\/www.mujerpalabra.net\/creadoras\/michelle\/pages\/traducciones_reflexiones\/index_traducciones_reflexiones.htm\">mi web<\/a><\/li>\n<li>Participaci\u00f3n en el <a href=\"http:\/\/www.mujerpalabra.net\/mundonet\/cuadernodeideas.htm\">Cuaderno de Ideas<\/a> de Mundo Internet en Mujer Palabra<\/li>\n<li><a href=\"http:\/\/www.mujerpalabra.net\/pensamiento\/artes\/suenoparacomprenderartemoderno.htm\">Sue\u00f1o para comprender el arte abstracto<\/a> (public. en Mujer Palabra)<\/li>\n<li><a href=\"http:\/\/www.mujerpalabra.net\/activismo\/feminismo\/vday\/ideasfrenteapeligros.htm\">Ideas y acciones concretas frente al peligro de violaci\u00f3n<\/a> (public. en Mujer Palabra)<\/li>\n<li><a href=\"http:\/\/www.mujerpalabra.net\/pensamiento\/analisisfeminista\/soypacifista.htm\">Soy pacifista, no una mujer que ama la paz<\/a> (public. en Mujer Palabra)<\/li>\n<li><a href=\"http:\/\/www.mujerpalabra.net\/pensamiento\/analisisfeminista\/elegirsexualidad.htm\">\u00bfPodemos elegir la sexualidad?<\/a> (public. en Mujer Palabra)<\/li>\n<li><a href=\"http:\/\/www.mujerpalabra.net\/pensamiento\/lenguaje\/lenguaje_inclusivo.htm\">Lenguaje inclusivo. Cr\u00edtica al lenguaje de la opresi\u00f3n y la exclusi\u00f3n<\/a>, para Mujer Palabra<\/li>\n<li><a href=\"http:\/\/www.mujerpalabra.net\/pensamiento\/lenguaje\/prEstamosIgualdad\/00portada.htm\">Pr\u00e9stamos para la igualdad: \u00abg\u00e9nero\u00bb, an\u00e1lisis conceptual, ling\u00fc\u00edstico y social<\/a> (arreglar!!!) &#8211; investigaci\u00f3n curso doctorado<\/li>\n<li><a href=\"http:\/\/www.mujerpalabra.net\/activismo\/pacifismo\/debates01.htm\">C\u00f3mo organizar debates<\/a> (public. en Mujer Palabra) &#8211; arreglar!!<\/li>\n<li><a href=\"http:\/\/www.mujerpalabra.net\/pensamiento\/lenguaje\/argumentosOnoesneutra.htm\">La -o no es neutra<\/a>, con Yamila Bli (arreglar link!!!) y gr\u00e1fico de Martha Barrag\u00e1n (public. en Mujer Palabra)<\/li>\n<li><a href=\"http:\/\/www.mujerpalabra.net\/pensamiento\/analisisfeminista\/nohayhogueras.html\">En el c\u00edberespacio no hay hogueras. De la libertad, el pensamiento y la tecnolog\u00eda<\/a> (public. en Mujer Palabra) &#8211; actualizar!!<\/li>\n<li><a href=\"http:\/\/www.mujerpalabra.net\/activismo\/derivadas\/23marzoantidisturbios.htm\">El presidente Aznar env\u00eda a los antidisturbios en misi\u00f3n humanitaria a las manifestaciones antiguara<\/a> &#8211; arreglar!!<\/li>\n<\/ul>\n<p><span style=\"color: #cc99ff;\"><strong>En ingl\u00e9s, de cuando hice los cursos de doctorado de mayor, para puntos para la Opo<\/strong><\/span><\/p>\n<ul>\n<li><a href=\"http:\/\/www.mujerpalabra.net\/pensamiento\/literatura\/michelle_malamud.htm\">We Meet at the Edge of the Water. We Stand with Our Feet in the Ocean. On the Murdering Qualities of War<\/a> (public. en Mujer Palabra; investigaci\u00f3n curso doctor ado) &#8211; arreglar!!<\/li>\n<li><a href=\"http:\/\/www.mujerpalabra.net\/pensamiento\/literatura\/michelle_violence_gender.htm\">Violence &amp; Gender. We See What We Believe in. Tracking Taboos<\/a> (public. en Mujer Palabra; investigaci\u00f3n curso doctorado) &#8211; arreglar!!<\/li>\n<li><a href=\"http:\/\/www.mujerpalabra.net\/pensamiento\/literatura\/michelle_delillo_wn00.htm\">Dissenters Are Never Superheroes. On DeLillo&#8217;s <em>White Noise<\/em><\/a>\u00a0(public. en Mujer Palabra; investigaci\u00f3n curso doctorado) &#8211; arreglar!!<\/li>\n<li><a href=\"http:\/\/www.mujerpalabra.net\/pensamiento\/literatura\/michelle_wolfe\/00_abstract.htm\">Wolfe&#8217;s <em>The Right Stuff<\/em>. On Formal Issues and the Timely Chanting of Military Heroism<\/a> (public. en Mujer Palabra; investigaci\u00f3n curso doctorado) &#8211; arreglar!!<\/li>\n<\/ul>\n","protected":false},"excerpt":{"rendered":"<p>Kiza deberia explicar&#8230; Sobre textos orales-escritos (ling\u00fc\u00edstica, v\u00ednculo externo) Soy vieja (no significa lo que entienden) De qu\u00e9 sirve ser biling\u00fce Si el infierno existiera, mi madre me lo habr\u00eda dicho (sobre citar a las mujeres) Sobre la supresi\u00f3n de Queer Lenguaje, identidad y derechos reproductivos 2024 ADNV Lenguaje: sobre la resignificaci\u00f3n de insultos (por [&hellip;]<\/p>\n","protected":false},"author":1,"featured_media":0,"parent":0,"menu_order":0,"comment_status":"open","ping_status":"open","template":"","meta":{"footnotes":""},"class_list":["post-517","page","type-page","status-publish","hentry"],"_links":{"self":[{"href":"https:\/\/www.mujerpalabra.net\/blog\/index.php?rest_route=\/wp\/v2\/pages\/517","targetHints":{"allow":["GET"]}}],"collection":[{"href":"https:\/\/www.mujerpalabra.net\/blog\/index.php?rest_route=\/wp\/v2\/pages"}],"about":[{"href":"https:\/\/www.mujerpalabra.net\/blog\/index.php?rest_route=\/wp\/v2\/types\/page"}],"author":[{"embeddable":true,"href":"https:\/\/www.mujerpalabra.net\/blog\/index.php?rest_route=\/wp\/v2\/users\/1"}],"replies":[{"embeddable":true,"href":"https:\/\/www.mujerpalabra.net\/blog\/index.php?rest_route=%2Fwp%2Fv2%2Fcomments&post=517"}],"version-history":[{"count":29,"href":"https:\/\/www.mujerpalabra.net\/blog\/index.php?rest_route=\/wp\/v2\/pages\/517\/revisions"}],"predecessor-version":[{"id":6299,"href":"https:\/\/www.mujerpalabra.net\/blog\/index.php?rest_route=\/wp\/v2\/pages\/517\/revisions\/6299"}],"wp:attachment":[{"href":"https:\/\/www.mujerpalabra.net\/blog\/index.php?rest_route=%2Fwp%2Fv2%2Fmedia&parent=517"}],"curies":[{"name":"wp","href":"https:\/\/api.w.org\/{rel}","templated":true}]}}